et b = -30 - -30. What is the remainder when 41 is divided by 10 - b - (3 + -4)?
8
Suppose 4*a - 8*a + 80 = 0. Calculate the remainder when 10 - (20 + 2)*-4 is divided by a.
18
Let x = 68 - 74. Let a = x - -16. What is the remainder when 46 is divided by a?
6
Suppose -4*d + 6*d - 950 = 2*z, 0 = 5*d + 3*z - 2391. Calculate the remainder when d is divided by 32.
29
Calculate the remainder when (-374)/(-14) - 82/(-287) is divided by 4.
3
Let x(b) = -b. Let k(v) = 8*v - 4. Let i(p) = 3*k(p) + 48*x(p). What is the remainder when 237 is divided by i(-3)?
57
Let w = 692 - 624. Calculate the remainder when 336 is divided by w.
64
Let o = -135 - -7. Let k = o - -191. What is the remainder when k is divided by 13?
11
Let p(x) = -30*x + 395. Calculate the remainder when 49 is divided by p(13).
4
Suppose 2*m - 4 = 2*j - 4*j, 0 = j + 4*m + 4. Suppose 0*h = 3*x - 4*h + 86, -15 = -3*h. What is the remainder when (-4)/1*x/j is divided by 12?
10
Suppose 42 = 4*i - 3*k - 18, 2*i - 56 = -5*k. What is the remainder when 104 is divided by i?
14
Let b(r) = -8*r + 1. Let f be b(3). Let w = f - -34. Suppose -w = -0*s - s. Calculate the remainder when s is divided by 6.
5
Let o = 72 - 39. Suppose -2*u + o = 11. Suppose g - 13 = 18. What is the remainder when g is divided by u?
9
Let i(m) be the second derivative of 6*m**3 + m. Let k be i(1). Calculate the remainder when 30 is divided by 74/9 + (-8)/k.
6
Let d = 946 + -607. Let f = 71 - 66. Suppose 4*s - d = -f*m + 8*m, 336 = 4*s - 4*m. Calculate the remainder when s is divided by 18.
15
Let s(j) = 3*j**3 - j**2 - 2*j - 2. Let q be s(2). Suppose -q = -a - 6. Suppose f = 2*f - 21. What is the remainder when f is divided by a?
5
Suppose 3*h + 5*o - 3*o = -32, -5*h = -5*o + 45. Let i(b) = b + 25. Calculate the remainder when i(h) is divided by 9.
6
Suppose -7*n = 260 - 799. Calculate the remainder when n is divided by 21.
14
Let r(h) = 9*h**3 - 9*h**2 + h + 3. Let q(y) = 5*y**3 - 4*y**2 + y + 1. Let u(f) = 5*q(f) - 2*r(f). Calculate the remainder when 11 is divided by u(1).
4
Let g be ((-2)/(-3))/(16/72). Suppose -g*x = -9, -x + 29 = 2*b - 2*x. Calculate the remainder when 30 is divided by b.
14
Let u = -25 + 42. Suppose -9 = 2*n + 3*o, 0*n = n + 4*o + u. Suppose 5 = -f - 4*z - n, -4*f + z + 36 = 0. Calculate the remainder when 47 is divided by f.
7
Let f(h) = h**3 - 4*h**2 + 8. Let a(k) = k**3 + k**2 - k + 1. Let c(x) = 2*a(x) - f(x). Calculate the remainder when c(-5) is divided by ((-16)/6)/((-3)/9).
5
Let h(x) = -3*x**3 - 11*x**2 + 8*x + 25. Calculate the remainder when h(-6) is divided by 21.
19
Suppose -3*p = -8*p + 685. Suppose -47 - p = -4*v. Calculate the remainder when 44/(-3)*(-207)/v is divided by 23.
20
Calculate the remainder when (-40)/(-2*(8/(-8))/(-4)) is divided by 54.
26
Let j = -18 + 85. Calculate the remainder when j is divided by (-1 - -17) + -5*(-6)/(-15).
11
Let u be (-2)/7 - (3 + (-88)/14). Suppose -114 = -2*c + 3*n, u*c + 5*n = -2*c + 285. Calculate the remainder when 282 is divided by c.
54
Let k = 1 + 3. Suppose 0 = 5*f + 2*f - 154. Suppose -x + f = -3*h, 5*x - 46 = -3*h + 10. Calculate the remainder when x is divided by k.
1
Suppose 0 = -0*k + 10*k - 280. Suppose -4*t - 4 = 4. What is the remainder when k is divided by (-1 + -1)*15/t?
13
Let n(g) = -g**2 + 6*g + 26. Let c be n(9). Calculate the remainder when (-1474)/(-99) + c/(-9) is divided by 8.
7
Let s = 5 + 71. Calculate the remainder when s is divided by 46.
30
Let s = 74 - 36. Let f = -375 - -397. What is the remainder when s is divided by f?
16
Suppose -66 = -2*u + 5*p + 88, 3*p = 3*u - 222. Calculate the remainder when 143 is divided by u.
71
What is the remainder when 108/18*((-513)/6)/(-3) is divided by 42?
3
Let p = 62 - 32. Let c(l) = 32 - 66 - 18*l + 33. Calculate the remainder when p is divided by c(-1).
13
Suppose 7 = -2*r + 5. Let x(y) = -y + 1 - 2 + 1 + 59*y**2 - 1. Calculate the remainder when x(r) is divided by 20.
19
Calculate the remainder when 94 is divided by (-6)/26 + (-23944)/(-949).
19
What is the remainder when 6/(-39) - 27546/(-78) is divided by 17?
13
Suppose -428 - 1257 = -5*m + 2*n, 4*n = 4*m - 1348. What is the remainder when m is divided by 31?
27
Suppose 3*s = -15, 4*s + 20 = -f - 0*s. Suppose -5*h - u + 24 = 0, -5*h + u + 4*u = f. What is the remainder when h + 1 + (1 - -56) is divided by 32?
30
Let g(x) = -x**3 + 10*x**2 + 12*x. Let z be g(10). Suppose -5*a + w + 33 = -3*a, -5*w + z = 5*a. What is the remainder when (0 + (-73)/(-4))*4 is divided by a?
16
Suppose -561*r + 78 = -555*r. Suppose 45 = -5*z + 150. Calculate the remainder when z is divided by r.
8
Suppose 2*q + 3 + 7 = 0. Let d(b) = 4*b + 3. Let h(z) = -4*z - 2. Let w(x) = q*h(x) - 4*d(x). What is the remainder when 39 is divided by w(4)?
11
Let y(q) = 0*q + 15 + q + 0. Suppose 2*n = 2*t - 12, 4 = -4*t - 12. Calculate the remainder when y(n) is divided by 3.
2
Suppose -34*i = -33*i - 7. What is the remainder when 67 is divided by i?
4
Let v = -209 + 275. What is the remainder when 197 is divided by v?
65
Let j(l) = l**2 + l. Let t be j(-2). Suppose -5*n + 5 = 0, t*s - n - 30 = n. Let o(a) = -a**2 + 16*a - 18. Calculate the remainder when o(7) is divided by s.
13
Suppose -v = -q + 12, 21 = 2*q + 151*v - 156*v. Calculate the remainder when 62 is divided by q.
10
Let q be (-2 - (-3 + 7)) + -4. Let r = 21 + q. Calculate the remainder when 16 is divided by r.
5
Suppose -m = 3, -2*y + m + 190 = 73. Let s(i) = 14*i**2 - 3*i - 2. Calculate the remainder when y is divided by s(-1).
12
Let z be -2*3*76/24. Let r = 23 + z. Suppose 4*t + 0*t = 24. What is the remainder when t is divided by r?
2
Let p = -3 + 53. Suppose 4*k = -6*s + 590, -57*s = -56*s + 5*k - 94. What is the remainder when s is divided by p?
49
What is the remainder when 30/(-50) - 6286/(-10) is divided by 9?
7
Let f = 4 - -7. Let y(q) = -6*q - 5*q + 0*q - f + 2*q. Calculate the remainder when y(-11) is divided by 15.
13
Suppose -5*k + 341 = -2*u - u, -5*u - 630 = 4*k. Let h = -7 + u. Calculate the remainder when 33 is divided by 27/(-63) - h/7.
15
Suppose 1469 + 598 = -13*a. Let j = a + 171. What is the remainder when 19 is divided by j?
7
Suppose -2*t = -p + 4*p - 489, 3*p - 471 = 4*t. Calculate the remainder when p is divided by 41.
38
Suppose -2*t + 8 = 2*t. Let r be (-4)/(-8)*(t - 2). Suppose 2*v - 34 = -s - s, 4*v - 8 = r. Calculate the remainder when s is divided by 4.
3
Suppose 5*j - 3996 = -921. Calculate the remainder when j/20 - 2/(-8) is divided by (-27)/(-108) - (-201)/12.
14
Let d = 294 - 262. Let c(n) = 25*n - 5. Calculate the remainder when c(4) is divided by d.
31
Suppose 3*v + k = 110, 0*v = 5*v + 5*k - 170. Let r = 62 - v. What is the remainder when 70 is divided by r?
22
Let m = -1761 - -1770. Calculate the remainder when 25 is divided by m.
7
Suppose 6*g = 4*g + 6, 0 = 3*c + g - 330. What is the remainder when c is divided by 6?
1
Let t(x) = -14*x**2 + 2*x + 1. Let r be t(-1). Let f = 37 + r. Let c = -3 + 11. What is the remainder when f is divided by c?
6
Let h be ((-60)/35)/((-2)/7). Let c = h - 10. Calculate the remainder when 28 is divided by ((-12)/c - 1) + 13.
13
Suppose 2*u - 7*u + 925 = 0. What is the remainder when u is divided by 47?
44
Suppose -4*u - 80 = -5*u + x, -x + 335 = 4*u. What is the remainder when 243 is divided by u?
77
Let y = -6 - -35. Let v = -2 + -1. What is the remainder when y is divided by 2*3 + ((-6)/v - 0)?
5
Calculate the remainder when 15 is divided by (-2 + 3)*5/((-20)/(-32)).
7
Suppose 17*g = 16*g - 28. Let i = g - -31. What is the remainder when 11 is divided by i?
2
Suppose -3*j = 516 - 750. Calculate the remainder when j is divided by 10.
8
Let c(m) = 31*m**3 + 2*m**2 - 1. Let u be c(-1). Let o = 57 + u. Calculate the remainder when o is divided by 7.
6
Suppose 0*z - z - 5*x + 42 = 0, -z + x = -18. Calculate the remainder when 259 is divided by z.
17
Suppose 0 = -6*k + 824 - 8. Suppose -k*g + 134*g + 6 = 0. What is the remainder when 4 is divided by g?
1
Suppose 0 = -63*o + 50*o + 286. What is the remainder when 152 is divided by o?
20
Let w = 0 - 4. Let u(j) = -10*j - 9. What is the remainder when u(w) is divided by -2*7/((-14)/8)?
7
Let u = 283 + -269. What is the remainder when 54 is divided by u?
12
Let s(n) = -n + 8. Suppose 